3*h - 1 = 56. Calculate the remainder when 75 is divided by h.
18
Suppose 27 = -2*f - 3*r, 3*f + 15 = 5*r - r. Let d(b) = b**2 + 5*b + 1. Let k be d(4). Let q = k + f. What is the remainder when q is divided by 15?
13
Suppose -4*p + 44 = -2*g, -5*p - 4*g = -20 - 22. Calculate the remainder when 16 is divided by p.
6
Suppose -x - x + 152 = -2*q, q = -2*x + 161. What is the remainder when x is divided by 28?
23
Calculate the remainder when 34 is divided by 19 + 2 + 1*-3.
16
Let j = -8 - -19. What is the remainder when j is divided by 6?
5
Let a(j) = j**3 - 15*j**2 + 18*j + 4. Calculate the remainder when a(14) is divided by 21.
18
Suppose -2*m = 5*a - 6*m + 4, -3*m - 24 = 3*a. What is the remainder when 33 is divided by 2/3*(-54)/a?
6
Suppose -2*j = -5*c - 25, -2*j - 4*c - c - 5 = 0. Let x(i) = i**3 - 3*i**2 - 5*i + 7. Calculate the remainder when x(j) is divided by 11.
10
Let s(t) = -3*t + 6. What is the remainder when s(-3) is divided by 4?
3
Let r(t) = 10*t**3 - 2*t + 1. Let m(i) = -i**3 - i**2 - i + 75. Let h be m(0). Suppose -25 = -4*s + h. What is the remainder when s is divided by r(1)?
7
Let f(j) = -j + 3. Let c be f(0). Calculate the remainder when 15*(-5 + 4 - -2) is divided by (3/(-2))/(c/(-16)).
7
Let i = 30 - 13. Suppose -p - 7 + i = 0. Calculate the remainder when 47 is divided by p.
7
Let d(b) = -7*b + 6. Suppose 0 = g + 5*c + 6, -4*g + 0*c = -3*c - 68. What is the remainder when d(-5) is divided by g?
13
Suppose 66*l = 69*l - 561. Calculate the remainder when l is divided by 7.
5
Let f(u) = u**3 + 6*u**2 - 5*u + 4. What is the remainder when f(3) is divided by 24?
22
Let y be 6/10 + 936/40. Suppose 3*q + 2*q = 2*a - 39, -a + q = -y. Suppose 2*n = a + 11. Calculate the remainder when 55 is divided by n.
17
Calculate the remainder when ((-4)/6)/((-18)/459) is divided by 5.
2
Let r(j) = 3*j**2 + 3*j. Let u = 4 - 7. What is the remainder when 70 is divided by r(u)?
16
Suppose -4*g = -g - 36. Calculate the remainder when (-4)/g - (-46)/3 is divided by 9.
6
Let x be 10 + (-2 - 2/(-1)). What is the remainder when 105 is divided by (-4)/(-20) - (-268)/x?
24
Let z(c) = -c**3 - 6*c**2 + c + 8. Let p be z(-6). Calculate the remainder when ((-20)/p)/((-10)/40) is divided by 21.
19
Calculate the remainder when (-180)/(-35)*(1 - -6) is divided by 13.
10
Let m(p) = 7*p - 6. Calculate the remainder when m(11) is divided by 24.
23
Let j be ((-1480)/(-3))/(6/18). Let l = -10 + 21. Calculate the remainder when j/35 + 4/(-14) is divided by l.
9
Suppose 3*z - 5*n - 27 = -2*n, -5*z + 5 = 5*n. Let d = 6 - z. Suppose 13 = 2*s + d. Calculate the remainder when 17 is divided by s.
5
Let v = -11 - -19. Let s(b) = -b**2 + 11*b + 8. Let f be s(v). Suppose -x = -f - 48. Calculate the remainder when x is divided by 27.
26
Let t = 0 + 6. Suppose -q = 4*f, -3*q + t*q - 40 = -2*f. Let d(a) = -a**2 + 7*a - 3. What is the remainder when q is divided by d(4)?
7
Let o be 222/7 + 2/7. Suppose 38 = 5*v + 4*t - o, 2*t = 0. Calculate the remainder when 67 is divided by v.
11
Suppose -5*x + 28 = 2*y, -2*x - 14 = 3*y - 5*y. Let m = 78 + -38. Let r = 56 - m. Calculate the remainder when r is divided by y.
7
Let f = 46 - 32. Let h(w) = 4*w**3 - 2*w**2 + 1. Let d be h(1). Suppose -126 = -5*t - d*x, 0*t + 5*x = t - f. What is the remainder when t is divided by 13?
11
Suppose -g = -3*x + g + 15, 9 = 4*x + g. Suppose x*d = -78 - 75. Calculate the remainder when d/(-7) + (-8)/28 is divided by 3.
1
Suppose -4 = -4*b - 16. Calculate the remainder when (23*(b - -4))/1 is divided by 8.
7
Let j(s) = 3*s + 1. Let w be j(3). Let n = w - 2. Calculate the remainder when 1/(1/16) + -2 is divided by n.
6
Let p(w) = w**2 - 2*w - 14. What is the remainder when 104 is divided by p(-5)?
20
Let h(n) = 5*n + 6. Calculate the remainder when 72 is divided by h(4).
20
Suppose -3*n - 5*n = 0. Suppose n = 2*u - 18 - 24. What is the remainder when 40 is divided by u?
19
Suppose -c + 3 + 4 = n, n - 5*c = -5. Suppose o = n*o - 24. Let g = o - -5. Calculate the remainder when 31 is divided by g.
9
Let h = -60 - -110. What is the remainder when 196 is divided by h?
46
Let n = -10 + 21. What is the remainder when n is divided by 3?
2
Suppose 0 = -3*d - 10 - 2. Calculate the remainder when 3 is divided by (-6*(-2)/d)/(-1).
0
Let w(j) = -j**3 - 4*j**2 + 3*j + 3. Suppose 0 = -i + 5*i + 24. What is the remainder when w(i) is divided by 15?
12
Let m = -24 + 37. What is the remainder when 22 is divided by m?
9
Let j = 39 + -26. Calculate the remainder when 62 is divided by j.
10
Let q(u) = -3*u + 29 + 4*u + u**2 + 18. What is the remainder when q(0) is divided by 82/5 - (-4)/(-10)?
15
Let a be (-82)/(-7) - (-12)/42. Suppose -2*q = l - 24, 0 = -4*l + 3*l + q + a. What is the remainder when 63 is divided by l?
15
Suppose -5*o = m - 90, 2*o + 406 = 4*m - o. What is the remainder when m is divided by 34?
32
Let r(d) = -d**2 - d + 35. Let s be r(0). Let u = s - 21. What is the remainder when 55 is divided by u?
13
Let k(p) = -2*p - 5. Let g(f) = -f + 1. Let q(j) = -g(j) - k(j). Calculate the remainder when q(9) is divided by 17.
14
Let d = -45 + 79. Calculate the remainder when d is divided by 6.
4
Suppose -6*c + c = -50. Suppose w + 0*w = 5*d - 2, -5*w - 3*d = -102. What is the remainder when w is divided by c?
8
Suppose -3*s + 18 = -27. Calculate the remainder when 3/((3/(-28))/(-1)) is divided by s.
13
Let b be (-2)/((-8)/(-5) + -2). Suppose b*p - 2*p - 72 = 0. Let i = p - 13. Calculate the remainder when 19 is divided by i.
8
Let q(u) = 2*u - 11. Suppose 0 = -i + 4, -2*t + 5*t + i = 52. Let p = t + 27. What is the remainder when p is divided by q(13)?
13
Suppose 2 = -0*j + j. Let q be j - (-2 + -34 - 2). Suppose 0*y = 4*y - q. What is the remainder when 19 is divided by y?
9
Let b(p) be the third derivative of p**5/60 - p**4/12 - 2*p**3/3 + p**2. Suppose t = -4*t + 25. What is the remainder when 32 is divided by b(t)?
10
Let o(g) = 5 + g + 7 + 4*g + 0 + g**2. Let q be o(-8). Let f = q - 15. What is the remainder when f is divided by 12?
9
Suppose -5 = 2*x - 33. What is the remainder when (3 + -1 + -1)*26 is divided by x?
12
Let g(n) be the second derivative of -n**5/20 + 2*n**4/3 + 2*n**3 - 6*n**2 - n. Calculate the remainder when g(9) is divided by 8.
7
Suppose -4*h + 3 = -3*h. Let p(d) = -6*d**3 - 4*d**2 - 4*d - 2. Calculate the remainder when p(-2) is divided by 6/9 - (-37)/h.
12
Let i = -6 - -3. Calculate the remainder when (-10)/(-8)*(i - -23) is divided by 9.
7
Suppose 3*b + 2*n - 6 = 0, -3*b - n - 8 = -7*b. Let u = b - -5. Suppose 3*s = 2*j + 43, 4*j = 3*s - 76 + 23. What is the remainder when s is divided by u?
4
Let k = 71 - 16. Suppose -4*i = -3*g - 0*g + 37, 5 = i. What is the remainder when k is divided by g?
17
Let o = 46 + -21. What is the remainder when o is divided by 7?
4
Let j = -30 - -43. Let v = -8 - -15. Calculate the remainder when j + -1 - (-3)/3 is divided by v.
6
Let y(o) = o**3 - 5*o**2 + 2*o + 2. Let p(b) = -b**2 - 14*b - 11. Calculate the remainder when p(-11) is divided by y(5).
10
What is the remainder when (-6)/(36/(-375))*2 is divided by 33?
26
Let o = 20 + -14. Suppose o*p - 3 = 5*p. What is the remainder when 5 is divided by p?
2
Let q(g) = 3*g**2 - g. Let j(h) = -h**3 - 5*h**2 - 3*h + 1. Calculate the remainder when q(-3) is divided by j(-5).
14
Suppose 3 = 5*r + 13, -3*y - 3*r = 3. What is the remainder when (y + 5)*33/6 is divided by 18?
15
Suppose -3*s = -2*n - 45, s - 4*n = n + 15. Calculate the remainder when 1 - (-119 + -1)/3 is divided by s.
11
Let w = 56 - -18. Calculate the remainder when w is divided by 16.
10
Let v = -12 - -46. Let a = 47 - v. Calculate the remainder when 24 is divided by a.
11
Suppose 0 = 2*r - 6*h + 4*h - 148, 2*h = -5*r + 342. Suppose -78*b + 73*b = -180. What is the remainder when r is divided by b?
34
Let t(x) = -x**3 + 8*x**2 - 10*x + 3. Let z be t(7). Let b = -7 - z. What is the remainder when 31 is divided by b?
9
Suppose 0 = -3*q - 2*q + 20. Suppose -6*x + q*x - 2 = 0. What is the remainder when 17 is divided by (-6 + 0 + -3)/x?
8
Let c(g) be the third derivative of -g**2 + 1/120*g**6 + 0*g + 1/3*g**3 + 0 - 1/24*g**4 - 1/20*g**5. Calculate the remainder when 27 is divided by c(4).
13
Suppose 3*v - 47 = p, 3*p - 69 = -4*v - 2*p. Let i = 84